{"id":519,"date":"2019-04-22T02:15:11","date_gmt":"2019-04-22T00:15:11","guid":{"rendered":"http:\/\/aluon.es\/\/?post_type=product&#038;p=519"},"modified":"2019-07-07T23:32:55","modified_gmt":"2019-07-07T21:32:55","slug":"aluon-classic-celosia","status":"publish","type":"product","link":"https:\/\/aluon.es\/?product=aluon-classic-celosia","title":{"rendered":"Aluon Classic Celos\u00eda"},"content":{"rendered":"<p>Puede configurar su modelo de la forma m\u00e1s pr\u00e1ctica. Todos los modelos ALUON est\u00e1n pensados para adaptarse a cualquier medida, apoy\u00e1ndose en piezas estandard como los largueros laterales con solapa, largueros en U&#8230; Se ci\u00f1e a todo tipo de formatos creando innovadoras composiciones con puertas peatonales, correderas o batientes, vallas y otras aplicaciones en aluminio soldado<a class=\"elementor-button-link elementor-button elementor-size-sm\" role=\"button\" href=\"http:\/\/aluon.es\/\/?page_id=219\"><span class=\"elementor-button-content-wrapper\"><span class=\"elementor-button-icon elementor-align-icon-left\"><br \/>\n<\/span><br \/>\n<\/span><br \/>\n<\/a><\/p>\n<p>&nbsp;<\/p>\n","protected":false},"excerpt":{"rendered":"<h3 class=\"mbr-section-title py-3 mbr-fonts-style display-1\">Tenemos la capacidad de ornamentar un dise\u00f1o cl\u00e1sico sobre cl\u00e1sico<\/h3>\n<p class=\"mbr-section-title pb-2 mbr-fonts-style display-2\"><strong>El dise\u00f1o unido a la composici\u00f3n<\/strong><\/p>\n<p class=\"mbr-section-title pb-2 mbr-fonts-style display-2\">\n<p>&nbsp;<\/p>\n[maxbutton name=\"Confirmar pedido\"]\n<p>&nbsp;<\/p>\n<p>&nbsp;<\/p>\n<p>&nbsp;<\/p>\n","protected":false},"featured_media":475,"comment_status":"open","ping_status":"closed","template":"","meta":[],"_links":{"self":[{"href":"https:\/\/aluon.es\/index.php?rest_route=\/wp\/v2\/product\/519"}],"collection":[{"href":"https:\/\/aluon.es\/index.php?rest_route=\/wp\/v2\/product"}],"about":[{"href":"https:\/\/aluon.es\/index.php?rest_route=\/wp\/v2\/types\/product"}],"replies":[{"embeddable":true,"href":"https:\/\/aluon.es\/index.php?rest_route=%2Fwp%2Fv2%2Fcomments&post=519"}],"wp:featuredmedia":[{"embeddable":true,"href":"https:\/\/aluon.es\/index.php?rest_route=\/wp\/v2\/media\/475"}],"wp:attachment":[{"href":"https:\/\/aluon.es\/index.php?rest_route=%2Fwp%2Fv2%2Fmedia&parent=519"}],"curies":[{"name":"wp","href":"https:\/\/api.w.org\/{rel}","templated":true}]}}